e hundreds digit of -5 - -1*(-885)/9*n?
2
Let r(p) = -2*p**3 + 2*p**2 + 28*p + 37. What is the tens digit of r(-19)?
4
Let b(p) = 57*p - 20. Let y be b(4). Let j = y + -119. Let z = 125 - j. What is the units digit of z?
6
Let l = 6013 - 6072. Let p be 4/(-14) + (-1059)/(-7). Let b = l + p. What is the tens digit of b?
9
Let b(u) = -u + 8. Let h be b(5). Suppose -8*k + h*k = -1945. What is the units digit of k?
9
Suppose 0 = 4*s - a + 109, 88 - 5 = -3*s + 2*a. Let d be (4 + s)/1*-1. Suppose 5*y - d = -v, 3*v + 0*y = -3*y + 105. What is the tens digit of v?
3
Let u(z) = 137*z - 9. Let g be u(-5). Let s = 1299 + g. Suppose -y + 6*y - s = 0. What is the units digit of y?
1
Suppose -48*f + 117*f = -82*f + 1985499. What is the thousands digit of f?
3
Let z(i) = -2*i**3 - 71*i**2 - 18*i + 50. What is the thousands digit of z(-37)?
4
Suppose 0 = 2*l + 18*l - 60. Suppose l*t - 719 = -0*t + 5*m, 3*m = 5*t - 1209. What is the hundreds digit of t?
2
Let o be 0 - (2 + -3 + 10). Let z = o + 13. What is the hundreds digit of z/22 - 5800/(-44)?
1
Let q(u) = 294*u**2 + 4*u - 26. What is the thousands digit of q(5)?
7
Suppose 0*j = -2*j - 510. Let y = -90 - j. Suppose 207 = 3*m - y. What is the units digit of m?
4
Suppose 2 = -4*z - 54. Let u be -4*(((-4)/(-4) - 0) + z). Suppose -u = -y + 27. What is the tens digit of y?
7
Let f be (-3 - 0)*3/9*-1. Let q be (-9)/(-6) + f/((-2)/(-3)). Suppose -q*d + 5*d - 178 = 0. What is the tens digit of d?
8
What is the thousands digit of (-11045452)/(-143) + (-18)/(-234)?
7
Let j(f) = -15*f**2 - f**2 + f**3 + 27*f - 13*f**2 - 115 - 12*f**2. What is the units digit of j(41)?
2
Suppose -4*o - 47 = -59. Suppose 0 = -o*n + 2*i - 2, 0 = 3*n - 2*i - 2*i - 2. What is the tens digit of (-398)/n - -3 - 24/(-8)?
0
Suppose -v - 2*v = -276. Let m = -219 + v. Let u = m - -193. What is the units digit of u?
6
What is the units digit of 5 - 2467/(-1) - 5 - -8?
5
Let x(q) = -q**3 + 8*q**2 + 7*q - 14. Let o be x(9). Let d = o + 61. Let h = d + -27. What is the units digit of h?
2
Let l(p) = -3*p + 20. Let d be l(5). Let r be 3/12*-6*(-43 + -1). Let f = r + d. What is the units digit of f?
1
Let d(i) = i - 17. Let z be (1 - -2)*70/(-21). Let s be d(z). Let j = s + 56. What is the units digit of j?
9
Suppose -4*m = 5*v + 8, 3*v - 2 = 3*m + 4. What is the units digit of (-12584)/286*m/((-8)/(-74))?
4
Suppose 21 = 2*h + 5*u, 0*u = 4*u - 12. Let f be 1*((5 - 3) + 120/h). Let k = 188 + f. What is the hundreds digit of k?
2
Let m = 12245 - 6532. What is the tens digit of m?
1
Let v(y) = -2*y**3 + 16*y**2 - 10. Let i be v(8). What is the hundreds digit of (-1642)/(-14) - i/(-35)?
1
Let b be 32/(-8) + 1*8. What is the tens digit of 66/(b + 148/(-38))?
2
Let h(q) = q**2 - 21*q + 52. Let y be h(18). What is the units digit of (y/(-4))/(33/23826)?
1
Let d(x) = -x**2 - 20*x - 34. Let s be d(-18). Let n be 5 + 427/49 - s/(-7). Let f(t) = t**2 - 10*t + 34. What is the tens digit of f(n)?
9
Let d(f) = f**2 - 5*f + 15. Let o be d(4). What is the hundreds digit of 321640/301 - (o/7 - 1)?
0
Let o be (-45)/(-6 - -3) - (7 - 2). Suppose 1437 + 3343 = o*z. What is the hundreds digit of z?
4
Let i(v) = -v**2 - v. Let u(a) = -5*a**2 + 4*a + 10. Let t(j) = 3*i(j) - u(j). Let n = -7849 + 7846. What is the tens digit of t(n)?
2
Suppose -58 = 2*z + 3*g + 70, -3*z - 193 = 4*g. Let v = z + 63. What is the hundreds digit of (8180/(-9))/v + (-2)/9?
2
Let q(f) = -f**3 - 13*f**2 - 17*f + 9. Suppose 3*h + 24 + 53 = -5*l, l = h - 9. What is the units digit of q(l)?
0
Suppose 26*s - 240 = 11*s. Suppose -b = 3*b - s, -u = b - 1125. What is the hundreds digit of u?
1
Let y(s) = -s**2 - 32*s + 233. Let v be y(6). Suppose -4*c = -3*h + 12, 2*h - 2*c - 12 = 2*c. Suppose v*f = h, -3*f = r - 5 - 13. What is the tens digit of r?
1
Suppose 304614 = 38*k + 16*k. What is the units digit of k?
1
Suppose 4*x - 2606 = -4*k + 1250, -5*k + 4828 = -3*x. Let w = k + -1425. Let y = -295 - w. What is the tens digit of y?
6
Let w(c) = -c**2 + 11*c + 6*c**2 - 4*c**2 + 17. Let f be w(-10). Suppose 9*n = f*n + 156. What is the tens digit of n?
7
Let y(b) = 7*b**2 - 24*b + 25. Suppose 8*q + 840 = 960. What is the tens digit of y(q)?
4
Let g(q) = q**2 - 7*q + 11. Suppose -8*k = -2*k - 126. Let x be k/(-9)*-6 + -3. What is the units digit of g(x)?
5
Let q = -220 + 223. Let r(w) = 78*w - 29. What is the units digit of r(q)?
5
Let j be (2 + 23)/((-6)/(-3072)). Suppose -19*z + j = 1685. What is the hundreds digit of z?
5
Suppose -9*n + 2244 = -6*n. Suppose x = 3*x - n. Suppose 34 = -4*g + x. What is the tens digit of g?
8
Suppose -63*s + 57*s = 5136. Let b = s + 1211. What is the hundreds digit of b?
3
Suppose 4*i + 2*x = -3462, 5*i + 4075 + 260 = -x. Let o = -619 - i. What is the hundreds digit of o?
2
Suppose 3*t + h - 96 = -h, -3*t + 3*h + 96 = 0. Suppose -30*g + t*g = 4. Suppose 3*y - 5*r + 2*r = 594, -2*r = g*y - 396. What is the units digit of y?
8
Suppose m + 2 = 5. Suppose -w + 119 = -4*u, -u - 1 - m = 0. What is the hundreds digit of w?
1
What is the tens digit of 12/27 + 1095870/135 - 8?
1
Let a(g) = 171*g**2 + 18*g - 190. What is the tens digit of a(-11)?
0
Suppose -3*j = -4*j + 5*w + 2, 3*j + 5*w + 74 = 0. Let y = j + 10. What is the units digit of -4*(116/y + 3)?
6
Let i(b) be the first derivative of b**2/2 - b + 10. Let n be i(-2). What is the units digit of 1 - (n - -3) - -179?
0
Let r(w) = -4*w**3 - 2*w**2 + 15*w + 9. Suppose 7*p + a = 4*p - 19, 2*a = -3*p - 20. What is the tens digit of r(p)?
1
Let y = 31 + -74. Let k be y*(-3 - 24/3). Suppose 0 = -7*h + 122 + k. What is the units digit of h?
5
Let b = 222 - 297. What is the units digit of 0 + 5 - (b + -271)?
1
Let u(x) = -x**3 - 4*x**2 + 2*x + 5. Let r be u(-5). Let w(q) = 40*q - 36. What is the units digit of w(r)?
4
Let v = 246 - 236. Suppose 14*l = v*l - 12, -4*l - 112 = -2*d. What is the units digit of d?
0
Suppose -154*o = -1061861 - 946703 - 696600. What is the hundreds digit of o?
5
Let t be 16/3*765/34. Let f = t - -10. What is the units digit of f?
0
Suppose -9*r + 1195 = 88. Let p = 339 + r. What is the tens digit of p?
6
Let j(h) = 2228*h + 3222. What is the tens digit of j(9)?
7
Suppose -2*g + 166695 = 4*b + 5475, 4*b = -5*g + 161208. What is the ten thousands digit of b?
4
Let b(j) = j**3 - 10*j**2 - 7*j - 26. Let v be b(11). Let l be (-4)/v - -3*60/81. Suppose x - 127 = -d, -d = -l*d - 1. What is the hundreds digit of x?
1
Suppose -29*r + 24*r + 87292 = u, 3*r - 4*u = 52389. What is the ten thousands digit of r?
1
Let s be (-2634)/(-7) - (-10)/(-35). Suppose 76 - 826 = -3*n. Let r = s - n. What is the units digit of r?
6
What is the ten thousands digit of 110*((539/(-10))/(-7))/(9/108)?
1
What is the ten thousands digit of 1 - (-45)/(-39) - 24794704/(-1768)?
1
Let b be (-1 - 1*3/(-3))*1. Suppose -2*n - 2*l = -b*l - 2, 2*l = 5*n - 26. What is the units digit of (-3)/((-15)/118) - n/(-10)?
4
Let l be ((-16)/(-12))/1*3/2. Suppose 0 = 4*a + 4, l*r - 6*a = -4*a - 498. Let b = r - -443. What is the units digit of b?
3
Let c be 27/(-12)*-14*30. Suppose -c = -4*b + b. What is the tens digit of b?
1
Let w(j) = 7*j - 105. Let g be w(17). Let i(f) = -7*f - 17. Let l(o) = -7*o - 16. Let q(t) = -3*i(t) + 2*l(t). What is the tens digit of q(g)?
1
Let w = 36 - -14. Let l = w - -497. What is the hundreds digit of l?
5
Let y(k) = -k**3 + 4*k**2 + 553*k + 5. What is the hundreds digit of y(-23)?
5
Suppose -v + b - 97 = -0*v, 4*v - 2*b + 390 = 0. Let u be (11 - -9)*(-9 + 1). Let w = v - u. What is the tens digit of w?
6
Let j(w) = -w + 8. Let d be j(5). Suppose 319 = -d*r - 2*n - 3*n, -210 = 2*r + 2*n. Let u = -51 - r. What is the tens digit of u?
5
Suppose 0 = 3*b + 65*f - 63*f - 7, 0 = -b - f + 2. Suppose -4*p = -b*a - 0*p + 3666, -4*p = 4*a - 4860. What is the tens digit of a?
1
Suppose 27048 = 47*d - 23571. What is the units digit of d?
7
Suppose 0 = -4*d + a + 15867, -2*a - 21 = -31. What is the tens digit of d?
6
Suppose -81*c = -65*c - 23936. What is the tens digit of c?
9
What is the units digit of 44 + -46 + 0 - (2 - 51718*1)?
4
Suppose 2*i - a + 380 = 3*i, 3*i - 2*a - 1120 = 0. Let t = i - 194. What is the units digit of t?
2
Let q = 167 - 160. Let j(a) = 31*a - 42. What is the units digit of j(q)?
5
Let s(y) = 6*y**2 + 43*y + 57